53. Let f be x(28). Let m be -3*11*(-1)/3. Calculate the greatest common divisor of f and m.
11
Let j(z) = -8*z + 3*z - 34 - 2*z. Let d(a) = a**3 + 73*a**2 + 67*a - 372. Let u be d(-72). Let h be j(u). What is the greatest common divisor of h and 75?
25
Let n = 12 - 8. Let h be (5 - (-81)/(-18))/((-1)/(-100)). Suppose h*m + 192 = 56*m. What is the highest common divisor of m and n?
4
Let c(w) = -2*w**3 - 21*w**2 + 32*w + 162. Let m be c(-18). What is the greatest common factor of m and 351?
117
Suppose 338*a = -3966 + 43850. Calculate the highest common factor of 98 and a.
2
Let h be (17602/5416)/(-1 + 225/224). What is the highest common divisor of 112 and h?
56
Let s(f) = 195*f - 2751. Let h be s(17). Let i(x) = -x**3 - x**2 + 9*x. Let v be i(-4). Calculate the greatest common divisor of v and h.
12
Suppose 9*z - 916 - 299 = 0. Calculate the greatest common divisor of 2565 and z.
135
Let x be 2/3*(3/(-6))/(16/(-768)). What is the greatest common factor of 2416 and x?
16
Suppose 5*y + 4*w + 178 = 0, 5*w = -3*y + 8*y + 205. Let d be (4 - y/(-9)) + 220/18. Calculate the highest common divisor of 32 and d.
4
Let m(l) = l**3 + 8*l**2 - 13*l - 12. Let f be m(-9). Let k = 211 - 152. Let v be 3 + k + (-20)/10. Calculate the highest common factor of f and v.
12
Suppose 5*r + 19 + 6 = 0, -u = -r - 271. Let x be u/4 + 4/16*-6. Calculate the highest common factor of 25 and x.
5
Let b(f) = -5*f + 22. Let r be b(6). Let a be (-1)/(-1)*(r - -32). Let p(c) = 8*c. Let w be p(2). Calculate the highest common factor of a and w.
8
Let p = -53 + 104. Suppose 17*f = 6*f + 374. What is the greatest common factor of f and p?
17
Suppose 0 = 13*p - 2*p - 2200. Let i = -130 + p. Suppose 3*o = -d + 82, 4*o - 2*d - 110 = -3*d. What is the highest common factor of o and i?
14
Let h be (-62)/(-4) - 1/(13 + -11). What is the greatest common factor of h and 51?
3
Let j(p) = -2*p**3 + 5*p**2 + 2*p + 5. Let b be j(2). Suppose r - 370 + 7 = 3*l, 4*l + 718 = 2*r. Calculate the greatest common divisor of b and r.
13
Suppose -1 = 3*y + 8, -5*g - y = -1272. Suppose -g = 3*r - 90. Let l = r - -58. Calculate the highest common factor of l and 3.
3
Suppose 2*x + 4 = 6*x - 4*h, 4*h = 16. Suppose -89*m + 3*f = -94*m + 49, 0 = -3*f + 24. Calculate the highest common divisor of x and m.
5
Suppose 0 = 76*d - 6998 - 1362. What is the greatest common factor of d and 396?
22
Suppose -3*z = -7 + 4, 4*z = 2*o - 872. What is the highest common factor of 6 and o?
6
Let s be 1/(-2)*4*2. Suppose -9*k - 43 - 29 = 0. Let g be (k/s - -4)*(-28)/(-6). Calculate the highest common factor of g and 42.
14
Suppose -49 = -2*l - 75. Let q(c) = 2*c**3 + 26*c**2 - 57*c - 9. Let g be q(l). What is the greatest common divisor of 12 and g?
12
Suppose -f = 4*f - 440. Suppose -3*i - 3*a = -111, -a + 168 = 4*i + 35. What is the greatest common divisor of i and f?
8
Suppose -r + 3*x + 1400 = -0*x, 4*x = 0. Suppose 0*o + r = 7*o. What is the greatest common factor of o and 50?
50
Let m be 3/((18 + -2 + -17)*2/(-6)). Calculate the highest common divisor of 6399 and m.
9
Suppose -a - 5*u = -6*a - 15, 4*a - 3*u + 12 = 0. Let v be ((-36)/(-3))/(a/(-6)). Let m be 1*(-5 - -4)*-12. What is the greatest common divisor of v and m?
12
Let z be 4/(-14) - 372/(-28). Let o(i) = i**3 - 14*i**2 + 17*i - 4. Let m be o(z). Let l = -10 - -16. Calculate the greatest common divisor of m and l.
6
Suppose 4*x = -3*d + 5*d - 8, -4*x - 8 = -d. Suppose 3*w + 0*w - 42 = -3*n, d = 3*w - n - 26. Calculate the greatest common divisor of w and 40.
10
Let l = -209 + 224. Let v(a) = -a + 26. Let u be v(l). Calculate the greatest common factor of u and 11.
11
Suppose 4*n = -5*p + p + 20, 0 = -5*n - 2*p + 22. Let y = 74 + n. Suppose -v - 2*g + y = v, -v + 21 = -5*g. Calculate the greatest common factor of 4 and v.
4
Let t be (-832)/(-12)*(-2)/(-4)*21. Let n be 11 - (-19)/((-57)/(-9)). What is the highest common divisor of t and n?
14
Suppose 4*m - 27 = -l - 13, -5 = -5*m + 5*l. Suppose -m*j - 112 = -2*k - 5*j, -2*j = -5*k + 273. What is the greatest common divisor of k and 22?
11
Let l = 1484 - 1442. What is the highest common factor of l and 150?
6
Let r = -12330 + 12390. What is the greatest common factor of r and 1356?
12
Suppose -3*j - 2*g = 13, -4*j - 18 = 2*g - 0*g. Let a(x) = 19*x**2 - 35. Let i be a(j). Calculate the greatest common factor of i and 120.
40
Suppose -115*u - 74*u = -56*u - 412832. Calculate the highest common factor of 160 and u.
32
Let p be 42 + -11 + (-9 - -6). What is the greatest common divisor of p and 6650?
14
Suppose 4*r - 9 - 4 = 3*b, 0 = -4*r - b + 17. Suppose -2*h = x - 0*h - 5, x = -r*h - 1. Suppose 2*p + x = 35. Calculate the greatest common factor of p and 30.
6
Suppose 79*x + 16*x = -1854 + 17054. What is the highest common factor of x and 920?
40
Let b = 31 + -13. Let s(l) = -l**2 + 17*l - 4. Let a be s(16). Suppose a*f - 264 = 816. What is the greatest common divisor of f and b?
18
Suppose 0 = -8*t - 10*t + 26622. Suppose 21*k - t = 4*k. What is the greatest common factor of 3 and k?
3
Let y(o) = 31*o + 7. Let v be y(2). Let r(j) = -j**2 - 19*j - 54. Let l be r(-4). Calculate the greatest common divisor of l and v.
3
Let c be (-26)/13 + -20 + 0. Let a = c + 48. Calculate the greatest common factor of a and 325.
13
Let t be (876/(-54)*-3)/((-9)/(2106/(-12))). What is the greatest common divisor of 338 and t?
13
Suppose -279*i = -41*i - 420784. What is the greatest common divisor of i and 56?
8
Suppose 14*o = 11*o - i + 79, 6*o + 5*i = 179. What is the greatest common factor of 33 and o?
3
Let h(u) = -78*u - 442. Let g be h(-24). What is the greatest common divisor of g and 130?
130
Suppose -613 = -13*z + 50. Calculate the highest common factor of z and 425.
17
Let r(s) = -s**3 - 24*s**2 + 50*s - 48. Let h be r(-26). Suppose 34 = -h*u + 170. Calculate the greatest common divisor of u and 2.
2
Let x be ((-2 - (-152)/6)*(-174)/(-203))/2. Calculate the highest common factor of 230 and x.
10
Suppose 380 = 4*o - 2*k + 108, -4*k - 130 = -2*o. What is the highest common factor of 3473 and o?
23
Let a(b) = -638*b + 3198. Let q be a(5). Calculate the greatest common factor of q and 8992.
8
Let c be 2/7 - (-57)/21. Suppose n - 2*q = 3, -8 = -n + 4*q - 5. Suppose -5*h + 283 = 4*m, c*m + 5*h - 214 = n*h. What is the greatest common factor of m and 9?
9
Suppose -15*b + 1425 = 4*b. Suppose 5*o - 3 = 17. Suppose 3*q - o*s - 74 = 0, -q + 0*q = -4*s - 14. What is the highest common factor of b and q?
15
Suppose 2167 = 60*s + 247. Let u(t) = 3*t. Let x be u(1). Suppose -1012 = -4*j + 4*v, -x*j + 3*v - 8*v + 783 = 0. What is the highest common divisor of s and j?
32
Suppose -20*j + 0*j + 1320 = 0. Let f be (-18)/54 - (-110)/6. What is the highest common divisor of f and j?
6
Let d = 202 - 132. Let s = -19923 - -19943. Calculate the highest common divisor of d and s.
10
Suppose 2*i = -8*i + 3090. Suppose 3*d - i + 30 = 0. Let g = d + -77. What is the greatest common divisor of g and 48?
16
Suppose 4*a + o = 2770, 2*o + 1002 = -5*a + 4463. Suppose -52*p + 4*j = -51*p - 103, -4*p + 2*j = -272. Calculate the highest common divisor of a and p.
63
Let b be 26184/70 + (-14)/245. Let y(k) = 28*k - 95. Let z be y(4). Calculate the greatest common divisor of b and z.
17
Let b = -38 + 40. Let q be -1 + 20/2 + b/1. Suppose q*x - 7*x = 560. What is the greatest common divisor of x and 28?
28
Let a be 213/(-90)*-3 - (11 + (-436)/40). What is the greatest common divisor of a and 1631?
7
Let c be (658*-2 - 1)*(-143)/39. What is the greatest common divisor of c and 22?
11
Let a(q) = -24*q + 481. Let h be a(11). Calculate the highest common divisor of h and 42.
7
Let t be (-2 - 5) + 301 - 3. Let a = 309 - t. Calculate the highest common divisor of a and 162.
18
Let x be (-3)/(6/(-62))*8. Let i be -8*(-9)/(-36) - -10. Calculate the highest common factor of i and x.
8
Let w = -33 - -132. Let m(d) = -d**2 - 12*d + 23. Let r be m(-10). Let a = r - 34. Calculate the highest common factor of a and w.
9
Suppose -5*l = -n - 65, l + 6 - 19 = -3*n. Let k = -52 - -104. Suppose 6*a - k = 26. Calculate the highest common divisor of a and l.
13
Suppose 5 = -n + 6, 0 = 3*a - 4*n - 17. Suppose 6*f + 1525 = -923. Let c be (-2)/7 - f/56. Calculate the highest comm